3
Let d(z) = -1341*z - 10716. What is d(-8)?
12
Let g(v) = 67*v - 21. Give g(2).
113
Let j(m) = -2*m**3 - 72*m**2 - 75*m - 175. Calculate j(-35).
0
Let w(r) = 3*r**2 - 49*r + 196. What is w(9)?
-2
Let c(w) = w**3 + 15*w**2 - w - 5. Give c(-15).
10
Let j(k) = k**3 - 14*k**2 + 28*k + 98. Give j(10).
-22
Let u(r) = 39*r + 19. Calculate u(-2).
-59
Let y(u) = -6716*u + 58. Calculate y(0).
58
Let u(h) = 17*h**3 - 39*h**2 + 6*h - 8. Calculate u(3).
118
Let w(y) = -y**2 - 598*y - 6442. Calculate w(-11).
15
Let o(t) = 106*t - 2805. Determine o(25).
-155
Let o(v) = -2*v**3 - 4*v**2 - 2*v + 2. Give o(-3).
26
Let w(f) = 22*f + 140. Give w(-31).
-542
Let l(w) = -3260*w - 22811. Determine l(-7).
9
Let z(t) = t**2 - 14*t + 187. Give z(13).
174
Let j(q) = 69*q - 1119. Calculate j(16).
-15
Let r(v) = -v**2 + 429*v - 2968. What is r(7)?
-14
Let k(m) = -475*m - 16624. Determine k(-35).
1
Let v(b) = 1970*b + 151696. Give v(-77).
6
Let g(q) = -50*q**2 - 546*q - 8. What is g(-11)?
-52
Let n(a) = -7*a + 372. Determine n(51).
15
Let u(o) = -365*o - 380. Calculate u(-1).
-15
Let d(x) = 527*x + 7387. Give d(-14).
9
Let z(l) = 153*l - 27. Give z(-2).
-333
Let p(i) = -939*i**2 - 2815*i + 3. Calculate p(-3).
-3
Let l(d) = 212*d + 4467. Calculate l(-21).
15
Let f(r) = 31*r + 50. Determine f(12).
422
Let r(o) = -6*o**2 - 13*o + 55. Calculate r(-9).
-314
Let r(x) = 5*x**2 + 25*x + 7. Calculate r(-8).
127
Let b(u) = -21*u + 63. What is b(8)?
-105
Let s(v) = -v**2 + 548*v - 3238. Determine s(6).
14
Let t(i) = 191*i - 540. Calculate t(3).
33
Let k(z) = z**3 - 42*z**2 + 335*z + 179. Calculate k(31).
-7
Let d(j) = 2*j**3 - 240*j**2 - 231*j - 1342. Determine d(121).
-11
Let j(l) = 656*l + 7876. Determine j(-12).
4
Let n(w) = -4*w**3 + 4*w + 1. Calculate n(-1).
1
Let r(q) = 3*q**3 - 217*q**2 + 76*q - 286. Give r(72).
2
Let c(t) = t**3 - 8*t**2 + 3*t + 13. Calculate c(9).
121
Let g(h) = -11*h - 29. Give g(-4).
15
Let j(w) = 4*w**2 - 72*w + 25. Determine j(18).
25
Let p(l) = -1164*l + 2310. Calculate p(2).
-18
Let x(a) = -2085*a - 20818. What is x(-10)?
32
Let r(p) = -p**2 - 39*p - 30. What is r(-15)?
330
Let z(u) = u**3 + 49*u**2 + 41*u - 274. Calculate z(-48).
62
Let q(y) = 3285*y - 16416. What is q(5)?
9
Let i(a) = -14*a**3 - 486*a**2 + 141*a + 41. What is i(-35)?
6
Let t(w) = -122*w - 392. Calculate t(-3).
-26
Let o(l) = -3*l**2 - 174*l - 227. What is o(-52)?
709
Let k(w) = -103*w + 7942. What is k(77)?
11
Let t(l) = -57*l + 40. Determine t(5).
-245
Let l(h) = 6*h**2 + 143*h - 427. What is l(3)?
56
Let a(g) = -g**3 - 19*g**2 + 25*g - 69. What is a(-20)?
-169
Let n(x) = 3*x**2 + 71*x + 76. Calculate n(-21).
-92
Let p(a) = 1010*a + 38366. Give p(-38).
-14
Let u(c) = 104*c + 607. Calculate u(-6).
-17
Let y(p) = -p**3 + 13*p**2 - 11*p - 69. Determine y(11).
52
Let c(q) = -6*q**3 + 317*q**2 + 63*q - 526. Calculate c(53).
4
Let s(j) = -2*j**2 - 174*j - 158. Determine s(-86).
14
Let b(v) = -107*v - 317. Give b(-4).
111
Let g(v) = v**3 + 15*v**2 - 600*v - 210. Determine g(-33).
-12
Let p(x) = -4*x**3 - 34*x**2 - 92*x - 41. Calculate p(-3).
37
Let j(h) = -h**3 + 25*h**2 - 19*h + 93. What is j(24)?
213
Let i(y) = 13*y**2 + 152*y + 101. Give i(-11).
2
Let k(z) = -z - 25. Determine k(4).
-29
Let a(z) = 5515*z + 16526. Calculate a(-3).
-19
Let x(t) = t**2 - 320*t - 3987. Calculate x(-12).
-3
Let q(p) = 183*p - 6967. What is q(38)?
-13
Let f(b) = 987*b + 33565. Calculate f(-34).
7
Let v(y) = 10*y**2 + 139*y - 37. Determine v(-14).
-23
Let c(t) = 429*t + 2172. Calculate c(-5).
27
Let k(s) = -3*s**2 + 23*s + 345. Determine k(-8).
-31
Let b(u) = 28*u + 8. Calculate b(1).
36
Let q(t) = t**3 + 71*t**2 - 71*t + 36. What is q(-72)?
-36
Let m(x) = -x**3 - 173*x**2 + 182*x + 1419. Give m(-174).
27
Let w(h) = -85*h + 1961. What is w(23)?
6
Let i(q) = -q**3 - 8*q**2 - 22*q - 4. Determine i(-5).
31
Let a(p) = 2*p**3 + 94*p**2 - 95*p + 101. Determine a(-48).
53
Let t(v) = 64*v - 1688. Give t(25).
-88
Let c(p) = 14*p + 1218. Give c(-97).
-140
Let o(s) = -s**3 + 21*s**2 + 3*s - 93. Determine o(21).
-30
Let b(z) = 5*z + 50. What is b(-12)?
-10
Let b(l) = -197*l - 2376. Calculate b(-14).
382
Let i(m) = -38*m - 440. Give i(-12).
16
Let k(p) = -12*p**2 - 86*p - 198. Determine k(-4).
-46
Let q(p) = 146*p**2 + 2041*p - 48. Give q(-14).
-6
Let k(c) = 96*c + 12470. Give k(-130).
-10
Let d(h) = 1031*h + 255687. Calculate d(-248).
-1
Let w(c) = 55*c + 952. Calculate w(-20).
-148
Let j(i) = -47*i - 611. Give j(-13).
0
Let t(g) = -3*g**3 - 13*g**2 - 8*g - 8. Give t(-6).
220
Let f(p) = -p**3 + 7*p**2 + 40. Give f(8).
-24
Let q(r) = -240*r + 925. Determine q(4).
-35
Let s(i) = -i**2 - 126*i - 939. Give s(-118).
5
Let k(d) = d**2 + 4*d - 2348. Calculate k(47).
49
Let n(i) = -187*i - 3505. Determine n(-19).
48
Let y(i) = 38*i**3 - 197*i**2 + 33*i - 8. Calculate y(5).
-18
Let c(y) = -y**2 + 38*y - 226. Determine c(6).
-34
Let q(j) = -417*j + 2511. Determine q(6).
9
Let v(d) = 128*d - 2450. Calculate v(19).
-18
Let p(i) = 4*i**2 - 38*i - 197. Determine p(-7).
265
Let r(a) = -14*a**2 + 776. Determine r(0).
776
Let j(b) = -2*b**3 + 33*b**2 - 15*b - 27. What is j(16)?
-11
Let q(l) = l**2 - 150*l - 9834. Give q(-49).
-83
Let k(i) = i**3 + 36*i**2 + 293*i + 161. Give k(-24).
41
Let u(v) = -v**3 - 316*v**2 - 9345*v - 193. What is u(-33)?
5
Let f(s) = -2*s**2 + 25*s + 218. What is f(-6)?
-4
Let z(n) = n**3 + 34*n**2 - 863*n - 89. Calculate z(17).
-21
Let y(c) = -c**3 + 37*c**2 + 107*c - 57. Give y(40).
-577
Let k(m) = 64*m + 1897. Calculate k(-30).
-23
Let o(f) = -7*f + 76. Determine o(10).
6
Let c(r) = 5*r**2 - 4160*r - 12476. What is c(-3)?
49
Let o(w) = -17*w**2 + 131*w - 388. Determine o(3).
-148
Let t(v) = -v**3 - 15*v**2 + 389*v - 22. Calculate t(14).
-260
Let i(v) = -v**2 + 4*v - 190. Calculate i(0).
-190
Let a(n) = n**3 - 22*n**2 + 42*n + 72. What is a(20)?
112
Let a(u) = 176*u + 148. What is a(-3)?
-380
Let o(k) = -k**2 - 149*k - 4355. Give o(-109).
5
Let z(g) = 48*g + 18. Calculate z(2).
114
Let z(u) = 2*u**3 - 56*u**2 - 92*u - 37. What is z(30)?
803
Let n(o) = -2*o**3 + 52*o**2 - 52*o + 68. Calculate n(25).
18
Let w(j) = -38*j + 988. What is w(21)?
190
Let v(j) = -14*j - 308. What is v(-22)?
0
Let c(f) = 71*f - 2844. What is c(40)?
-4
Let n(p) = -4748*p + 185177. What is n(39)?
5
Let a(n) = -7*n - 112. Give a(9).
-175
Let o(j) = -j**3 - 7*j**2 - 35*j - 183. Determine o(-6).
-9
Let s(i) = -18*i + 583. Calculate s(33).
-11
Let u(q) = 2*q**3 - 41*q**2 + 122*q - 7. Calculate u(17).
44
Let g(a) = -4*a**3 - 3*a**2 - 3*a + 3. Determine g(-2).
29
Let a(d) = d**3 - 57*d**2 + 118*d + 18. Determine a(55).
458
Let x(z) = -63*z - 1012. Calculate x(-16).
-4
Let c(u) = 2*u**2 - 54. Calculate c(-7).
44
Let a(t) = -554*t - 3309. Determine a(-6).
15
Let j(q) = 2*q**2 - 320*q - 983. Determine j(163).
-5
Let o(r) = r**2 + 19*r - 11. Give o(-10).
-101
Let s(z) = -3*z**3 + 7*z**2 - 19*z - 124. What is s(-3)?
77
Let y(l) = 63*l**3 - 17*l**2 - 16*l. Give y(-1).
-64
Let p(x) = 702*x + 1390. What is p(-2)?
-14
Let c(g) = -g**3 - 110*g**2 + 120*g - 11645. Determine c(-112).
3
Let r(l) = -42*l**3 + 2*l**2 - l - 1. Calculate r(-1).
44
Let p(i) = -4*i**2 - 1175*i - 3494. Determine p(-3).
-5
Let k(w) = 32*w**2 + 148*w + 21. Calculate k(-5).
81
Let j(l) = -l**3 + 21*l**2 + 15*l - 330. Give j(21).
-15
Let w(j) = j**3 - 54*j**2 - j + 77. What is w(54)?
23
Let w(g) = 3*g**2 - 41*g - 121. Give w(16).
-9
Let k(h) = h**2 - 311*h + 5197. What is k(18)?
-77
Let j(o) = o**3 - 32*o**2 + 22*o + 349. Give j(31).
70
Let f(y) = y**3 - 17*y**2 - 16*y - 48. Determine f(18).
-12
Let d(w) = 13*w - 29. Give d(9).
88
Let d(r) = -r**3 - 4*r**2 - 297*r - 1517. Calculate d(-5).
-7
Let r(l) = -l**3 - 155*l**2 + 474*l + 27. Calculate r(-158).
27
Let l(n) = 302*n - 6023. Give l(20).
17
Let q(l) = 2617*l - 26234. Determine q(10).
-64
Let c(t) = -t**3 + 23*t**2 + 15*t + 244. Determine c(24).
28
Let b(c) = -c**2 - 5*c + 161. What is b(-10)?
111
Let o(r) = -r**2 - 20*r + 150. Determine o(-20).
150
Let x(h) = 223*h + 1340. Determine x(-6).
2
Let t(f) = 3*f**2 + 262*f - 793. What is t(3)?
20
Let w(n) = 6*n**2 + n - 19. Determine w(5).
136
Let i(b) = 2*b**3 - 25*b**2 + 61*b - 15. What is i(3)?
-3
Let w(r) = -r**2 + 186*r + 925. Determine w(-5).
-30
Let w(f) = -2*f**3 + 43*f**2 + 1